0 and 104.
2
What is the greatest common divisor of 1184 and 96?
32
What is the greatest common divisor of 189 and 9?
9
Calculate the highest common divisor of 654 and 18.
6
What is the greatest common divisor of 1067 and 291?
97
What is the greatest common divisor of 2 and 283?
1
What is the greatest common factor of 2501 and 656?
41
Calculate the greatest common divisor of 2 and 74.
2
What is the highest common factor of 24 and 156?
12
What is the highest common divisor of 27 and 1809?
27
Calculate the greatest common factor of 225 and 12.
3
Calculate the highest common factor of 1842 and 6.
6
What is the greatest common divisor of 30 and 855?
15
Calculate the greatest common divisor of 16 and 568.
8
What is the highest common factor of 28 and 252?
28
What is the greatest common divisor of 1768 and 144?
8
Calculate the highest common factor of 228 and 8094.
114
What is the greatest common divisor of 96 and 6?
6
Calculate the greatest common factor of 30 and 17130.
30
What is the greatest common divisor of 73 and 3869?
73
Calculate the highest common divisor of 1134 and 243.
81
What is the highest common factor of 672 and 576?
96
Calculate the greatest common factor of 2660 and 38.
38
Calculate the greatest common divisor of 590 and 2124.
118
Calculate the highest common factor of 10 and 1720.
10
What is the greatest common divisor of 3871 and 49?
49
Calculate the highest common divisor of 115 and 667.
23
What is the greatest common divisor of 1122 and 66?
66
Calculate the highest common divisor of 48 and 11856.
48
Calculate the greatest common divisor of 68 and 935.
17
Calculate the highest common divisor of 11250 and 45.
45
What is the greatest common factor of 112 and 42?
14
Calculate the highest common factor of 11233 and 239.
239
What is the highest common divisor of 122 and 427?
61
Calculate the highest common factor of 2619 and 27.
27
Calculate the highest common factor of 18740 and 60.
20
Calculate the greatest common factor of 11 and 891.
11
Calculate the greatest common factor of 20 and 380.
20
What is the greatest common divisor of 833 and 56?
7
Calculate the highest common factor of 112 and 4.
4
Calculate the highest common factor of 52 and 1105.
13
Calculate the highest common divisor of 36 and 333.
9
Calculate the greatest common factor of 91 and 28.
7
What is the highest common factor of 77 and 231?
77
What is the highest common divisor of 48 and 30?
6
Calculate the greatest common divisor of 609 and 21.
21
What is the highest common divisor of 327 and 15?
3
Calculate the highest common divisor of 1521 and 780.
39
What is the greatest common divisor of 12 and 4188?
12
Calculate the highest common divisor of 363 and 99.
33
Calculate the highest common factor of 30 and 570.
30
What is the highest common factor of 104 and 26?
26
Calculate the highest common factor of 4 and 250.
2
What is the highest common divisor of 57 and 417?
3
Calculate the greatest common divisor of 623 and 119.
7
What is the greatest common factor of 660 and 180?
60
Calculate the highest common divisor of 8 and 14.
2
What is the highest common divisor of 1003 and 6431?
59
What is the highest common divisor of 1029 and 35?
7
Calculate the highest common factor of 126 and 2828.
14
Calculate the highest common factor of 2304 and 36.
36
What is the greatest common factor of 34 and 1258?
34
What is the highest common divisor of 320 and 64?
64
What is the highest common factor of 1067 and 2425?
97
Calculate the highest common divisor of 10 and 3.
1
Calculate the highest common divisor of 78224 and 32.
16
Calculate the highest common divisor of 9 and 159.
3
What is the highest common divisor of 52 and 93288?
52
Calculate the greatest common factor of 8 and 5.
1
What is the highest common divisor of 235 and 25?
5
Calculate the greatest common factor of 5510 and 1615.
95
Calculate the greatest common divisor of 113 and 2599.
113
What is the highest common divisor of 364 and 2296?
28
What is the greatest common divisor of 1925 and 77?
77
What is the highest common factor of 2 and 54?
2
Calculate the highest common factor of 576 and 9.
9
What is the greatest common divisor of 4 and 4?
4
Calculate the highest common factor of 1736 and 12803.
217
What is the greatest common factor of 3075 and 75?
75
Calculate the highest common divisor of 140 and 2560.
20
Calculate the greatest common divisor of 16 and 3.
1
Calculate the greatest common divisor of 364 and 112.
28
Calculate the greatest common factor of 28 and 8.
4
Calculate the highest common divisor of 72 and 56.
8
Calculate the greatest common divisor of 46 and 6946.
46
What is the greatest common factor of 14 and 35?
7
What is the greatest common factor of 13 and 455?
13
Calculate the highest common divisor of 429 and 66.
33
Calculate the highest common factor of 224 and 128.
32
What is the greatest common factor of 6372 and 36?
36
Calculate the greatest common divisor of 49 and 14.
7
Calculate the greatest common divisor of 276 and 108.
12
What is the highest common divisor of 36 and 1383?
3
Calculate the greatest common divisor of 3569 and 83.
83
Calculate the greatest common factor of 112 and 308.
28
What is the highest common factor of 630 and 280?
70
Calculate the highest common divisor of 7 and 1267.
7
What is the greatest common divisor of 8880 and 720?
240
What is the greatest common factor of 1323 and 1107?
27
What is the highest common factor of 117 and 68679?
117
What is the greatest common divisor of 1413 and 243?
9
What is the greatest common divisor of 450 and 18?
18
What is the highest common divisor of 18227 and 11?
11
What is the greatest common divisor of 2645 and 5?
5
What is the highest common factor of 200 and 5040?
40
What is the highest common divisor of 12 and 6804?
12
What is the greatest common divisor of 7440 and 837?
93
What is the greatest common divisor of 294 and 18?
6
What is the greatest common factor of 30 and 1161?
3
Calculate the greatest common divisor of 351 and 13.
13
What is the greatest common factor of 2736 and 432?
144
What is the highest common divisor of 99 and 759?
33
What is the greatest common factor of 58 and 19546?
58
Calculate the greatest common factor of 15 and 295.
5
What is the greatest common factor of 2511 and 186?
93
Calculate the greatest common factor of 81 and 1359.
9
Calculate the greatest common factor of 12 and 588.
12
What is the greatest common divisor of 544 and 128?
32
Calculate the highest common divisor of 130 and 970.
10
Calculate the greatest common divisor of 399 and 14.
7
Calculate the highest common divisor of 2440 and 24.
8
What is the greatest common factor of 27 and 6?
3
What is the highest common factor of 29507 and 19?
19
Calculate the greatest common divisor of 50558 and 34.
34
Calculate the highest common divisor of 185 and 222.
37
Calculate the highest common divisor of 89600 and 100.
100
Calculate the greatest common divisor of 529 and 23.
23
Calculate the highest common factor of 48 and 304.
16
What is the highest common divisor of 535 and 214?
107
What is the highest common divisor of 544 and 459?
17
What is the highest common factor of 345 and 3335?
115
Calculate the greatest common divisor of 17311 and 14.
7
Calculate the greatest common divisor of 81 and 108.
27
What is the greatest common factor of 312 and 1968?
24
What is the highest common divisor of 443 and 27?
1
What is the highest common factor of 9307 and 41?
41
Calculate the highest common factor of 1250 and 18250.
250
Calculate the greatest common factor of 204 and 1292.
68
What is the greatest common factor of 80 and 560?
80
What is the highest common factor of 46 and 202?
2
Calculate the highest common factor of 162 and 34.
2
What is the highest common divisor of 495 and 3135?
165
Calculate the highest common factor of 97 and 12125.
97
What is the greatest common factor of 231 and 126?
21
Calculate the highest common divisor of 111 and 2405.
37
What is the greatest common factor of 1 and 1?
1
Calculate the highest common divisor of 87 and 10759.
29
What is the highest common factor of 1127 and 69?
23
Calculate the highest common factor of 8619 and 255.
51
Calculate the highest common divisor of 225 and 405.
45
What is the highest common factor of 391 and 23?
23
Cal